 divided by 85.
78
Let g = 24 + 19. Suppose 24 = 5*w + a, 0 = -2*w + a - 192 + 203. What is the remainder when g is divided by w?
3
Let w(y) = 6*y**2 - 8*y - 4. Suppose 69 = 26*o - 9. What is the remainder when 155 is divided by w(o)?
25
Let a = 83 - 48. Let u = -3035 - -3244. What is the remainder when u is divided by a?
34
Suppose -5*k = 5*b - 210, 148*b - 15 = 145*b. What is the remainder when 1552 is divided by k?
35
Calculate the remainder when -15*2/(-6)*9 is divided by (2 - 3) + (-4)/8*-28.
6
Let z(i) = i**3 - 10*i**2 - 2*i + 8. Let j be z(7). Let x = 257 + j. Calculate the remainder when x is divided by 2 - -36 - (-82 + 93).
23
Suppose 5*o + m = 5 - 58, 4*o + 25 = 5*m. Suppose -4*w = -30 + 6. What is the remainder when (2 - o)*(3 - 10/8) is divided by w?
3
Let h(r) = -r - 21. Let q be h(-15). Let n be (-4)/q*75/(-20)*-2. Suppose v = n*d - 24, -v = 3*d + 2*v. What is the remainder when 14 is divided by d?
2
Suppose -183 - 21 - 12 = -24*x. What is the remainder when 160 is divided by x?
7
Suppose 2*g + 6 = x, -g = -0*g - 3. Let b(l) = 3*l + 41 + x - 30. What is the remainder when b(10) is divided by 14?
11
Let k(c) = 2*c**3 - c**2 - 4*c + 9. Let t be k(2). Suppose 5*b + t*b - 216 = 0. What is the remainder when 43 is divided by b?
7
Let q be (4 - (-18)/(-1 - 5))/1. Calculate the remainder when q - 297/(-66)*152/6 is divided by 53.
9
Let i(b) = -20*b + 98. Let h be i(10). Let u = 116 + h. Suppose -4*o + 17 = -23. Calculate the remainder when u is divided by o.
4
Let c = -379 + 485. What is the remainder when (-28)/(-7) + c - -2 is divided by 62?
50
Suppose -20041 + 1768 = -122*o - 2291. What is the remainder when 208 is divided by o?
77
Suppose -3*p + 4*p = 111. Let a(v) = -v**2 + 121*v - 57. Let s(d) = 39*d - 19. Let c(z) = 3*a(z) - 8*s(z). What is the remainder when p is divided by c(16)?
24
Suppose -2*g + d = 251, -d = -2*g - 4*d - 231. Let b(f) = 12*f - 244. Let h be b(35). Let o = g + h. Calculate the remainder when o is divided by 18.
17
Let k be (-5 + 3)/(2/(-5)). Suppose k*s - 39 = 5*u + 46, 5*u + 7 = -s. Let o = s - -9. What is the remainder when 42 is divided by o?
20
Let k = -51 + 56. Suppose -25 - 62 = -5*i - 4*w, -2*i - k*w = -28. Suppose -3*q + 79 - i = 0. Calculate the remainder when 56 is divided by q.
16
Suppose 0 = 3*a, -3*h + 12 = -2*a + a. Suppose h*u + 2*o = -42, -2*u - 3*o = 2*o + 33. What is the remainder when (228/u + 0)/((-4)/6) is divided by 23?
15
Suppose 0 = -9*c - 16*c + 925. Suppose -c*m = -44*m + 161. Calculate the remainder when 64 is divided by m.
18
Let o = 7909 - 7847. Suppose -3*k + 5*r = -6*k + 97, 5*k = 2*r + 172. Calculate the remainder when o is divided by k.
28
Suppose -5*c = 0, -3*g - 3432 = -8*g + g - 3*c. What is the remainder when g is divided by 177?
150
Let o be (-18)/(-54) + (-44)/(-3). Suppose 0 = 5*v - 2*v - o. Suppose 7*a = 3*a + 12, v*c + 5*a = 75. Calculate the remainder when 45 is divided by c.
9
Suppose -11*b + 9*b + 230 = 0. Let r = 120 - b. Let t(c) = -4*c + 40. Calculate the remainder when t(r) is divided by 6.
2
Let x(m) = -30*m - 502. Calculate the remainder when x(-50) is divided by 66.
8
Suppose x - 5 = 8. Let z be (-105)/(-42) - 9/(-6). Suppose s + 148 = z*n, -4*n + 2*n + 74 = -5*s. Calculate the remainder when n is divided by x.
11
Suppose -5*f + 3121 = 30*f - 6609. Calculate the remainder when f is divided by 15.
8
Let b = 15 + -11. Suppose -b*w - 81 = -541. Let g = -99 + w. Calculate the remainder when 123 is divided by g.
11
Suppose 6*z = 56 - 26. Suppose 4*a + s = 89, 2*s + 122 - 1 = z*a. What is the remainder when a is divided by 3*5*1/3?
3
Suppose -8 = 3*h - 4*h. Suppose 0 = 13*s - 14*s - 4. Calculate the remainder when 9/s*(1*-15 + 3) is divided by h.
3
Let d(m) be the first derivative of m**4/4 + m**3 - 5*m**2/2 - 2*m - 95. Calculate the remainder when 88 is divided by d(-3).
10
Let q be 18/(-18) - (5 - 3 - -322). Let g = 420 + q. Calculate the remainder when g is divided by 12.
11
Let q = 258 + -123. Suppose 49*w - 46*w = 3*g + 42, -5*w - 3*g + 70 = 0. Calculate the remainder when q is divided by w.
9
Let v = 5 - 0. Let q(n) = 44*n + 99. Let r be q(0). Suppose 4*b - h = r, -v*b + 5*h + 20 = -4*b. What is the remainder when b is divided by 14?
11
Let h = -4 - -4. Suppose -p = -5*p + 2*y + 90, 2*p + 4*y - 60 = h. Suppose -149*g - 511 = -1920 - 528. What is the remainder when p is divided by g?
11
Let a = 187 + -155. Suppose 2*x - 4*i + 7 - 9 = 0, 0 = -5*x + i + a. Calculate the remainder when 69 is divided by x.
6
Let p = 3753 - 3536. What is the remainder when p is divided by 84?
49
Let l(g) = g**2 - 47*g - 3593. Calculate the remainder when 298 is divided by l(-41).
13
Suppose -4*k = 3*f + 23 - 263, -3*f + k + 210 = 0. What is the remainder when 716 is divided by f?
68
Let j = -7 + 17. Calculate the remainder when 11 + 10 + 2 - ((-3)/(-3) - -5) is divided by (-3)/(-15) + 58/j.
5
Let l(b) = -61*b + 1185. What is the remainder when l(12) is divided by 7?
5
Suppose m = -11 + 88. Suppose 6210 = -8*b + 35*b. Calculate the remainder when b is divided by m.
76
What is the remainder when (((-90)/8)/(-5))/((-18)/(-5016)) is divided by 30?
27
Suppose -2*t + 155 = 13. Let c = 73 - t. Suppose c*g + 2*g = 4*b - 132, -4*b - 3*g = -111. What is the remainder when 118 is divided by b?
28
Suppose 43 + 17 = 5*v. What is the remainder when 256 is divided by v/(-9)*702/(-36)?
22
What is the remainder when (10 - 4) + 259*(-13 - -37) is divided by 25?
22
Let j = -1855 + 3850. Calculate the remainder when j is divided by 37.
34
Let n = -8501 + 8516. Let h be (-2)/((-4)/(-2)) + 2957. Calculate the remainder when h/52 - 2/(-13) is divided by n.
12
Let j = 707 - 338. What is the remainder when j is divided by 28 - ((14 - -7) + -55)?
59
Suppose 10*n - 11*n - 5*q = -55, 2*q = 4. What is the remainder when 243 is divided by n?
18
Let d(s) = 3*s**2 + 22*s - 24. Let k be d(-13). Let o = k + -154. Calculate the remainder when 212/1 - (-2 + 2) is divided by o.
40
Suppose t = 1, -4 = 4*g - 3*t - t. Suppose g = -2*y - 0*d + 5*d + 77, 3*y = 4*d + 119. Calculate the remainder when y is divided by 21.
20
Let u(d) = 2*d**2 - 165*d - 507. What is the remainder when 634 is divided by u(-3)?
4
Suppose -2*i + 7*i = 80. Suppose -166 - 230 = 9*v. What is the remainder when (-8)/3*759/v is divided by i?
14
Let k(x) = -4*x**3 - 12*x**2 - 16*x - 4. Let z(r) = -5*r**3 - 13*r**2 - 17*r - 4. Let p(a) = -6*k(a) + 5*z(a). What is the remainder when 67 is divided by p(8)?
11
Let i = -979 - -1121. Calculate the remainder when i is divided by 75.
67
Suppose -76*x = 70*x - 21024. What is the remainder when 7343 is divided by x?
143
Let k = 6198 - 6186. Suppose 3 = 5*t - 4*q - 238, -3*t + 123 = 3*q. Calculate the remainder when t is divided by k.
9
Let j(p) = p**2 - 18*p + 17. Suppose -l + 3*f = -18, 11*l = 12*l - 2*f - 18. Calculate the remainder when 58 is divided by j(l).
7
Let m = 6886 + -6470. What is the remainder when m is divided by 23?
2
Let v = 21 + -1. Suppose u - v = -16. Suppose 0 = q + q + 2, 15 = h - u*q. Calculate the remainder when 162 is divided by h.
8
Suppose 270 = 55*p - p. What is the remainder when 6924 is divided by p?
4
Suppose 5*r + 2*h - 212 + 70 = 0, 5*h + 51 = 2*r. Suppose r*m - 6390 = -17*m. What is the remainder when m is divided by ((-11)/4)/(6/(-24))?
10
Let v = 129 - 138. Let h(i) = -i**3 - 8*i**2 - 8*i + 12. What is the remainder when h(v) is divided by 21?
18
Suppose 0 = -146*d + 1020 + 4674. What is the remainder when 91 is divided by d?
13
Let r(h) = h**2 - 109*h + 718. Let k be -6*1*(-2)/4. Suppose 4 = -k*a + 46. What is the remainder when a is divided by r(7)?
2
Suppose -3*s - 66 = -5*n, -2*n + s + 4*s = -34. Suppose -n*y + 526 + 98 = 0. Calculate the remainder when y is divided by 28.
24
Let r = -76 - -124. Let k be r - (0 - 8)/4. Suppose 0 = -0*l - 5*l + k. Calculate the remainder when 37 is divided by l.
7
Suppose m - 848 = -5*z, 4*m - 13*z + 8*z = 3342. Calculate the remainder when m is divided by 21.
19
Suppose 4*q = -3*b + 434, -4*b + q = -3*q - 532. Let v = 156 - b. What is the remainder when v is divided by 7?
4
Let f(v) = 109*v - 5. Suppose -47*n + 559 + 616 = 0. Calculate the remainder when f(6) is divided by n.
24
Let l(y) = 1. Let f(x) = -16*x - 7. Let o(k) = f(k) + 2